?
29
Suppose -16*t = -4*t - 156. Calculate the highest common divisor of t and 78.
13
Let r(y) = y**3 - 13*y**2 + 13*y - 8. Let w be r(12). Suppose -2*l = -w*l - 106. Let v = 75 + l. What is the greatest common factor of 2 and v?
2
Let m = 102 - -174. What is the greatest common factor of 12 and m?
12
Let a be 48/(-120) + (-94)/(-10). Let q(t) = t**3 + 6*t**2 + 4*t - 4. Let r be q(-5). What is the greatest common divisor of a and r?
1
Let y = 94 + -69. Let u(g) = g**3 - 24*g**2 - 25*g + 24. Let w be u(y). What is the highest common divisor of 96 and w?
24
Let f(a) = 2*a**2 - 5*a + 2. Let x be f(3). Let c = 110 - 55. Calculate the greatest common factor of x and c.
5
Let w be 1014/54 + (-20)/(-9) + -2. What is the greatest common factor of 247 and w?
19
Let h(k) = 8*k**2 + 5*k. Let y be h(1). Let d(w) = -w**2 - 7*w + 7. Let m be d(-6). Calculate the greatest common factor of m and y.
13
Let v be 965/193 - ((1 - 0) + -36). Calculate the highest common factor of v and 40.
40
Let w(b) = b**3 + 13*b**2 + 10*b + 9. Let h be w(-9). What is the highest common divisor of h and 9?
9
Let p(g) = g**2 - 9*g - 36. Let a be p(13). Calculate the highest common factor of 24 and a.
8
Suppose 91*n - 96*n + 60 = 0. Calculate the highest common factor of n and 3.
3
Let x = 6 - -2. Suppose -767 - 158 = -5*a. Let g = a + -129. Calculate the greatest common factor of g and x.
8
Let z = -5 - -12. Let w = 466 - 304. Suppose z*l = 5*l + w. Calculate the highest common divisor of l and 9.
9
Suppose 0 = -3*f + 4*f + 2*r + 35, -15 = 3*r. Let b be 5/(1*f/(-30)). Calculate the highest common factor of b and 30.
6
Suppose 4*q + 5*l = -q + 580, 0 = 5*q + 3*l - 570. Let m be q/2 - 8/(-16). Suppose -2*t + m + 8 = 0. What is the greatest common factor of t and 8?
8
Let a = 39 + -25. Let r be ((-12)/a)/((-18)/84). Let l be (r/4 + 2)*2. Calculate the highest common factor of l and 2.
2
Suppose -101 = 12*o - 353. Let b(u) = -u**3 + 20*u**2 + 31*u - 62. Let m be b(o). Calculate the highest common divisor of 37 and m.
37
Suppose 4*g = -5*p + 97, -5*g + 91 = 4*p + 17. Let i(a) = 19*a + 1390. Let s be i(-61). What is the highest common divisor of s and p?
21
Let l(j) = -116*j**3 + 3*j - 2. Let p be l(1). Let n = -19 - p. What is the highest common factor of 4 and n?
4
Let k(g) = g**3 + 7*g**2 + 3*g + 10. Let p be k(-5). Let x(b) = 3*b + 12. Let r be x(6). What is the highest common divisor of p and r?
15
Suppose b + 7*b + 584 = 0. Let j = 91 + b. Calculate the greatest common divisor of 45 and j.
9
Suppose -3*y = -5*s + 40, 4*s - 32 = 20*y - 15*y. Calculate the greatest common divisor of s and 4.
4
Let y = -5 - -51. Suppose 0 = n + 2*m - 89, 3*n + m + y - 323 = 0. Suppose -2*p + 293 - n = 0. What is the greatest common divisor of p and 20?
20
Let k(w) = -w**3 - 18*w**2 - 11*w - 3. Let b be k(-18). What is the highest common factor of 30 and b?
15
Let l = 31 - 3. Suppose 0*m + 5*m = 140. Calculate the highest common divisor of l and m.
28
Let f be (33/6)/((-3)/(-468)*3). Calculate the greatest common factor of 22 and f.
22
Suppose -3*x = 5 - 17. Let v be (-1 - (-2)/x)*0. Suppose -5*c - 5*w + 640 = v, -4*c + 4*w = -0*w - 544. What is the highest common factor of 12 and c?
12
Let s be 66/(-110) - 378/(-5). Calculate the highest common divisor of s and 675.
75
Suppose -c = 4*v - 33, 0 = -c - v - 4 + 37. What is the highest common factor of c and 99?
33
Suppose 0 = -j - 3, 2*t + 3*t + 2*j - 204 = 0. Let k = 18 + -14. Suppose 3*f - 3*r = 69, -k*f = f - 2*r - 109. Calculate the greatest common divisor of t and f.
21
Let i(p) = -36*p + 405. Let a be i(10). Calculate the highest common divisor of 240 and a.
15
Let h(r) = 3*r**2 - 7*r + 5. Let t be h(2). Suppose 0 = -t*m + 11*m - 368. What is the greatest common factor of 46 and m?
46
Suppose -41*l + 7*l + 884 = 0. Let u(m) = 0*m + 4 + m + 3. Let r be u(6). Calculate the highest common divisor of r and l.
13
Suppose -162 = -2*c - 2*j, c - 69 = -10*j + 5*j. What is the highest common divisor of c and 96?
12
Let u be (1 - 2)/((-24)/120). Suppose -r + 41 = u*j, -j + 85 + 48 = 5*r. Calculate the highest common factor of r and 208.
26
Let j(g) = -g - 9. Suppose -30 = 4*r - 2*z + 18, 0 = -2*r + 3*z - 28. Let h be j(r). Calculate the greatest common divisor of 5 and h.
1
Let s = -15 - -27. Let t(b) = -b**3 + 12*b**2 + 3*b - 31. Let i be t(s). What is the greatest common factor of i and 15?
5
Suppose -4042 = -45*a + 18143. Calculate the highest common divisor of a and 29.
29
Let f(p) = -p**3 - 4*p**2 - 5*p - 1. Let m be f(-5). Let w = 24 + 221. Calculate the highest common factor of w and m.
49
Let c(j) = 2*j + 15. Let l be c(-7). Let z be ((-100)/(-15) - l) + 6/(-9). What is the highest common divisor of 55 and z?
5
Let l = -12 + 17. Suppose 0 = l*f - 4*y - 180, -39 = 3*f + 3*y - 147. What is the highest common divisor of f and 18?
18
Let r be (-1 + -6)*(-60)/(-70). Let z(n) = n**3 + 7*n**2 + 6*n - 1. Let y be z(r). Let i be 4/((1/(-6))/y). What is the highest common divisor of i and 192?
24
Suppose -2*z - 4*f + 5*f + 61 = 0, 0 = -2*f + 10. What is the greatest common factor of 22 and z?
11
Suppose 16*i - 18 = 13*i. Let r(l) = -l**3 + 9*l**2 - 6*l - 8. Let v be r(i). What is the greatest common factor of 16 and v?
16
Let i = 59 + 3. Let c(j) = -j**3 - 27*j**2 - 53*j + 18. Let w be c(-25). What is the greatest common factor of w and i?
31
Let j be (420/350)/(1/25). Calculate the greatest common divisor of j and 18.
6
Suppose 6 = 4*c - 2. Suppose 0 = -v + 3*k + 16, c*v + 4 + 4 = -2*k. What is the highest common divisor of 10 and v?
1
Let n be (4 + -1 - 1)/1. Suppose -d = -2, t + n*t - 5*d + 1 = 0. Suppose -c + t = -0*c. Calculate the highest common divisor of 6 and c.
3
Suppose f = 2*s + 575, 1170 = 2*f + 45*s - 44*s. Calculate the greatest common divisor of 53 and f.
53
Suppose 18*p = -4117 + 15817. Calculate the greatest common factor of p and 39.
13
Suppose 25*f + f = 468. Calculate the highest common factor of f and 1116.
18
Suppose 0 = 3*s - 2*s + 12. Let o = s + 7. Let r be 2/o + 831/15. Calculate the greatest common factor of r and 11.
11
Let p(c) = 296*c**2 + 37*c - 37. Let r be p(1). Calculate the greatest common factor of r and 185.
37
Let b be (-1645)/((-21)/3) + 3. What is the greatest common factor of 102 and b?
34
Suppose -4*h = -2*f - 30, 2*h + 0*f - 9 = -f. Suppose 0 = -a - 4*q + 20, 4*q + 28 = 5*a - 0. What is the greatest common divisor of h and a?
2
Let l(p) = p**2 - 13*p + 121. Let m be l(5). What is the greatest common factor of 3483 and m?
81
Suppose -4*f = -2*u - 64, u = -3*f + 6*u + 48. Let x(w) = 33*w + 12. Let o be x(4). What is the highest common divisor of f and o?
16
Suppose 88 = 4*p - 4*b, -2*p + b = 3*p - 126. Suppose 3*q - 40 - p = 0. Let f = 9808 - 9742. What is the highest common divisor of f and q?
22
Let h be 5 - 14 - (-12 + -20). What is the highest common factor of h and 4?
1
Let c be ((-615)/9)/5*9. Let j be c*(-2 + (-16)/12). Suppose 5*y = -3*p + j, 3*y + 3*p + 270 = 6*y. What is the greatest common divisor of 17 and y?
17
Let n be (-128 - -132) + (-1)/(2/(-600)). Calculate the greatest common divisor of n and 32.
16
Suppose 0 = -15*m - 37 + 277. Let k be 14 - -3*(-4)/(-6). Calculate the highest common divisor of m and k.
16
Let c(j) = -j**3 - 16*j**2 - 27*j + 4. Let n be c(-14). Suppose 0 = o - 6*o + 10. Let k be ((-44)/n)/(o/40). Calculate the highest common divisor of 8 and k.
8
Let h(k) = -20*k + 47. Let l be h(-5). Calculate the highest common factor of l and 42.
21
Let w = 3 + -1. Suppose -w*q = -3*x - 105, -3*q - 2*x + 190 = -0*x. Let j be (-1 + 2)*(-45)/(-3). What is the greatest common divisor of j and q?
15
Let m be 1 + -2 - 4/(-2). Let o(u) = u**2 + 7*u + 7. Let c be o(-1). Calculate the highest common factor of c and m.
1
Suppose a - 2*w = 0, 86*a = 91*a - 3*w - 35. Calculate the highest common divisor of a and 65.
5
Let n = -27 + -5. Let g = 31 + -91. Let t = n - g. Calculate the highest common factor of 4 and t.
4
Let b = -96 + 116. Let m be 9/6*(-8)/(-6). Suppose -8 = -4*f + m*z - z, 0 = -5*z + b. What is the greatest common divisor of 15 and f?
3
Let i be 39 + (29 + -19)*6/10. What is the highest common factor of i and 5?
5
Let z be -5*(-3)/75*190. Calculate the greatest common divisor of z and 